t d(k) = 37*k - 6. Determine d(0).
-6
Let h(r) = -84*r**3 + 4117*r**2 - 51*r + 105. Give h(49).
7
Let n(f) = -21*f + 733. Calculate n(35).
-2
Let g(d) = -3*d**3 - 20*d**2 - 16*d - 32. Determine g(-6).
-8
Let i(f) = f**3 - 61*f**2 - 141*f + 851. Give i(63).
-94
Let v(p) = p**2 + 19*p + 127. Determine v(-18).
109
Let i(r) = -2780*r + 8343. Calculate i(3).
3
Let x(s) = s**3 + 16*s**2 + 37*s + 120. Give x(-15).
-210
Let t(g) = -g**3 + 4*g**2 - 4*g + 10. Calculate t(4).
-6
Let p(r) = r**3 + 7*r**2 - 282*r - 1427. What is p(-5)?
33
Let t(i) = 172*i + 1167. Calculate t(-7).
-37
Let w(x) = -78*x - 1031. Determine w(-13).
-17
Let g(i) = i**2 + 138*i + 1427. Determine g(-127).
30
Let d(k) = 317*k - 1905. Give d(6).
-3
Let g(z) = -z**3 + 5*z**2 - 134*z + 608. Give g(5).
-62
Let s(i) = -2*i**2 + 53*i - 19. Calculate s(26).
7
Let n(l) = l**3 - 62*l**2 - 125*l - 101. Determine n(64).
91
Let o(q) = q**3 - 14*q**2 + 33*q - 14. What is o(10)?
-84
Let t(s) = -30*s**2 - 5*s + 82. What is t(7)?
-1423
Let m(b) = b**2 + 99*b + 486. Determine m(-94).
16
Let k(n) = -4*n**2 + 25*n + 5. What is k(8)?
-51
Let i(k) = 4*k**2 + 14*k - 18. Determine i(6).
210
Let m(j) = 2*j - 219. Give m(-7).
-233
Let a(y) = 326*y**2 + 2609*y + 14. Calculate a(-8).
6
Let w(t) = -t**3 + 11*t**2 - 11*t + 15. Calculate w(10).
5
Let r(i) = i**2 + 255*i - 1572. Determine r(6).
-6
Let g(i) = -2*i**2 - 189*i - 3954. Determine g(-63).
15
Let f(h) = -4*h**3 - 7*h**2 - 6*h + 6. What is f(-4)?
174
Let y(b) = -45*b - 947. What is y(-21)?
-2
Let g(o) = -2*o**3 - 43*o**2 - 175*o + 7. Calculate g(-16).
-9
Let a(q) = -267*q + 19754. Calculate a(74).
-4
Let k(b) = 3507*b + 101707. Calculate k(-29).
4
Let c(l) = 51*l + 410. Give c(-7).
53
Let k(c) = c**2 - 18*c + 87. What is k(4)?
31
Let i(w) = w**3 - 30*w**2 + 54*w + 42. Calculate i(28).
-14
Let c(s) = 29*s**3 + 2*s**2 + 20*s + 43. Determine c(-2).
-221
Let v(w) = -3*w**2 - 58*w - 24. Determine v(-20).
-64
Let h(r) = 2*r**2 + 36*r - 229. Determine h(-23).
1
Let v(b) = -91*b + 171. Determine v(2).
-11
Let y(h) = 26*h**2 + 4784*h - 13. Give y(-184).
-13
Let q(z) = 14*z**3 + 46*z**2 + 44*z - 2. Give q(-1).
-14
Let a(c) = -3*c**2 - 70*c - 80. Determine a(-22).
8
Let u(l) = -44*l + 1037. Determine u(17).
289
Let o(h) = -2*h**2 - 58*h - 386. What is o(-17)?
22
Let h(q) = 105*q - 568. Determine h(3).
-253
Let v(d) = -d**3 + 22*d**2 + 4*d - 75. Calculate v(22).
13
Let o(i) = i**3 + 15*i**2 - 44*i - 234. Calculate o(-10).
706
Let d(x) = 2*x**3 - 24*x**2 + 37*x + 11. Determine d(10).
-19
Let z(x) = 48*x**3 - x**2 - 4*x - 1. Give z(-2).
-381
Let w(h) = h**3 + 28*h**2 + 113*h - 58. What is w(-25)?
-1008
Let k(l) = -24*l + 241. Give k(20).
-239
Let n(q) = -11*q**2 - 1502*q - 1501. What is n(-1)?
-10
Let s(d) = 6*d**2 + 875*d + 760. Determine s(-145).
35
Let p(d) = 2*d**3 + 47*d**2 + 142*d + 45. Calculate p(-20).
5
Let f(k) = 2*k**3 + 14*k**2 - 40*k - 150. Determine f(-9).
-114
Let t(h) = -h**3 + 13*h**2 - 13*h - 23. Give t(12).
-35
Let u(o) = 1315*o + 3943. Give u(-3).
-2
Let r(h) = 37*h**2 + 8550*h + 681. Determine r(-231).
-12
Let v(i) = i**3 - 102*i**2 - 541*i + 633. Calculate v(107).
-9
Let o(d) = -d - 15. Determine o(0).
-15
Let n(j) = 188*j + 2089. Determine n(-11).
21
Let j(q) = -3*q**3 + 17*q**2 - 33*q + 7. What is j(3)?
-20
Let m(z) = z**3 + 5*z**2 - 327*z + 168. What is m(-21)?
-21
Let h(m) = -256*m + 1278. Give h(5).
-2
Let t(j) = -2*j**3 - 141*j**2 - 68*j + 144. Give t(-70).
4
Let k(i) = 2*i**3 + 71*i**2 - 110*i + 21. Give k(-37).
-16
Let q(o) = -8*o**2 + 252*o + 92. Calculate q(32).
-36
Let z(h) = 2*h**3 - 3*h**2 - 122. Determine z(0).
-122
Let t(p) = 98*p + 5596. What is t(-57)?
10
Let k(r) = r**2 - 23*r - 179. What is k(30)?
31
Let w(s) = -s**3 - 29*s**2 + 85*s + 720. What is w(-31)?
7
Let t(c) = -c**2 + 117*c - 117. Give t(116).
-1
Let s(t) = 56*t**3 - t**2 - 19*t - 33. Give s(-2).
-447
Let c(m) = -61*m + 2649. What is c(45)?
-96
Let f(u) = -201*u**2 + 809*u - 32. Give f(4).
-12
Let x(v) = -382*v + 9549. Calculate x(25).
-1
Let z(f) = -f**3 - 57*f**2 - 80*f - 1261. What is z(-56)?
83
Let n(g) = g**3 + 9*g**2 + 18*g + 3. What is n(-5)?
13
Let c(k) = -k**3 - 74*k**2 - 76*k - 219. Determine c(-73).
0
Let r(j) = -2*j**2 + 89*j - 1058. What is r(11)?
-321
Let g(i) = 10*i**2 + 76*i + 131. What is g(-7)?
89
Let j(a) = -a**2 + 22*a + 89. What is j(-4)?
-15
Let n(w) = -w**3 + 12*w**2 - 28*w + 10. Calculate n(0).
10
Let d(p) = 10*p**3 + 18*p**2 + 4*p + 5. Calculate d(-3).
-115
Let b(h) = -2*h**2 + 458*h - 4043. Calculate b(9).
-83
Let y(x) = -4*x**3 + 63*x**2 + 19*x - 27. Give y(16).
21
Let h(r) = 6703*r - 201082. Determine h(30).
8
Let n(y) = -y**3 + 9*y**2 - 15*y + 17. What is n(3)?
26
Let g(q) = 1229*q - 7326. What is g(6)?
48
Let h(f) = 178*f - 1112. Determine h(7).
134
Let r(p) = p**2 - 36*p + 43. Give r(24).
-245
Let f(h) = 2*h**2 + 24*h - 1263. What is f(20)?
17
Let h(j) = -11*j**2 + 2*j + 13. Give h(-4).
-171
Let f(l) = 60*l - 21538. Give f(359).
2
Let k(t) = -2*t**2 - 11*t - 43. What is k(-7)?
-64
Let f(b) = -b**2 - 10*b + 89. Determine f(6).
-7
Let c(x) = -3333*x + 13365. Calculate c(4).
33
Let s(o) = -199*o**3 - 2*o**2 - o + 1. Give s(-1).
199
Let b(g) = 3*g**2 + 6*g + 12. What is b(-8)?
156
Let b(i) = 2*i**3 - 10*i**2 + 2*i - 6. Give b(3).
-36
Let l(y) = y**2 - 348*y + 1030. What is l(3)?
-5
Let v(y) = 45*y + 1003. Give v(-22).
13
Let l(c) = -1437*c - 2883. What is l(-2)?
-9
Let n(z) = 93*z**2 + 7*z - 10. What is n(1)?
90
Let m(w) = -w**3 - 3*w**2 - 5*w - 2. Calculate m(0).
-2
Let q(w) = -w + 35. What is q(-4)?
39
Let n(v) = -316*v - 3782. Calculate n(-12).
10
Let v(l) = -l**3 + 45*l**2 + 144*l + 111. Calculate v(48).
111
Let c(y) = -y**2 + 34*y + 225. Determine c(-7).
-62
Let d(i) = -103*i - 822. Calculate d(-8).
2
Let n(s) = s**2 + 16*s - 35. Determine n(10).
225
Let k(h) = 2*h**3 - h**2 - 17*h + 24. Give k(4).
68
Let b(g) = -68*g + 4561. Calculate b(67).
5
Let n(b) = 5*b - 301. Determine n(12).
-241
Let x(p) = -125*p - 592. What is x(-5)?
33
Let i(w) = w**3 - 5*w**2 + 2*w + 33. Determine i(5).
43
Let z(w) = -237*w - 54990. Calculate z(-232).
-6
Let v(y) = y**3 - 6*y**2 - 40*y + 135. What is v(3)?
-12
Let t(o) = o**3 - 15*o**2 - 14*o + 210. Give t(15).
0
Let b(g) = g**3 - 66*g**2 + 49*g - 3244. Give b(66).
-10
Let m(b) = 3*b**2 - 29*b - 31. Determine m(11).
13
Let o(c) = -2*c**3 - 24*c**2 + 176*c - 5. Determine o(5).
25
Let p(b) = -b**2 + 20*b - 141. Calculate p(16).
-77
Let x(k) = 65*k**2 - 4485*k - 34. Give x(69).
-34
Let m(x) = -2*x**2 - 91*x + 354. Calculate m(-49).
11
Let j(v) = 8*v**2 + 56*v + 180. Determine j(-6).
132
Let v(t) = 100*t + 7309. Determine v(-73).
9
Let g(a) = a**3 - 12*a**2 - 7*a - 95. Give g(13).
-17
Let p(k) = 7*k**2 + 13*k + 16. Give p(-5).
126
Let z(y) = y**2 + 61*y - 250. Calculate z(4).
10
Let g(w) = 47*w**2 - 85*w - 173. Calculate g(-2).
185
Let m(r) = -8*r**2 - 352*r + 11. Calculate m(-44).
11
Let d(c) = 30*c**2 + 171*c - 8. Give d(-7).
265
Let x(i) = -i**2 + 66*i + 573. Give x(74).
-19
Let q(v) = -v**3 + 14*v**2 + 7*v - 13. What is q(15)?
-133
Let g(a) = -a**3 - 2*a**2 - 36*a + 174. Determine g(5).
-181
Let h(z) = 12*z**2 - 17*z + 31. Give h(7).
500
Let g(w) = w**2 + 317*w + 17104. What is g(-69)?
-8
Let l(d) = d**2 + 218*d + 5634. Calculate l(-30).
-6
Let d(x) = -x**2 - 511*x + 5213. What is d(10)?
3
Let l(t) = 4*t**2 + 47*t - 235. Determine l(5).
100
Let p(i) = 13*i - 456. What is p(35)?
-1
Let y(g) = -1037*g - 3. What is y(0)?
-3
Let k(n) = -429*n - 2856. Calculate k(-7).
147
Let a(t) = -t**2 + 51*t - 447. Calculate a(49).
-349
Let n(h) = -h**3 + 28*h**2 - 78*h + 19. Determine n(25).
-56
Let p(x) = 18*x**2 + 48*x + 29. Determine p(-2).
5
Let m(n) = n + 36. Determine m(-43).
-7
Let o(w) = w**3 + 26*w**2 - 165*w - 327. What is o(-31)?
-17
Let a(f) = 5*f**3 - 10*f**2 + 31*f - 20. Determine a(1).
6
Let s(g) = -14*g + 70. What is s(5)?
0
Let s(d) = -d**2 + 159*d + 6115. What is s(191)?
3
Let o(i) = i**3 - 30*i**2 + 170*i - 58. Determine o(7).
5
Let r(j) = 4*j**3 + 10*j**2 - 95*j + 26. Calculate r(-9).
-1225
Let i(b) = -2*b**3 + 6*b**2 + 11*b - 12. What is i(6)?
-162
Let d(p) = 2*p**3 - 32*p**2 + 5*p - 71. What is d(16)?
9
Let k(z) = z**3 - 30*z**2 - 72*z + 258. Calculate k(32).
2
Let w(v) = -486*v - 3399. What is w(-7